{"id":268,"date":"2020-05-08T12:09:19","date_gmt":"2020-05-08T12:09:19","guid":{"rendered":"http:\/\/ebeling-karin.de\/?page_id=268"},"modified":"2023-07-28T12:11:04","modified_gmt":"2023-07-28T12:11:04","slug":"impressum","status":"publish","type":"page","link":"https:\/\/ebeling-karin.de\/?page_id=268","title":{"rendered":"Impressum"},"content":{"rendered":"\t\t<div data-elementor-type=\"wp-page\" data-elementor-id=\"268\" class=\"elementor elementor-268\">\n\t\t\t\t\t\t<div class=\"elementor-inner\">\n\t\t\t\t<div class=\"elementor-section-wrap\">\n\t\t\t\t\t\t\t\t\t<section class=\"elementor-section elementor-top-section elementor-element elementor-element-c0cda22 elementor-section-boxed elementor-section-height-default elementor-section-height-default\" data-id=\"c0cda22\" data-element_type=\"section\">\n\t\t\t\t\t\t<div class=\"elementor-container elementor-column-gap-default\">\n\t\t\t\t\t\t\t<div class=\"elementor-row\">\n\t\t\t\t\t<div class=\"aux-parallax-section elementor-column elementor-col-100 elementor-top-column elementor-element elementor-element-80ea0a5\" data-id=\"80ea0a5\" data-element_type=\"column\">\n\t\t\t<div class=\"elementor-column-wrap elementor-element-populated\">\n\t\t\t\t\t\t\t<div class=\"elementor-widget-wrap\">\n\t\t\t\t\t\t<div class=\"elementor-element elementor-element-e23ee4b elementor-widget elementor-widget-text-editor\" data-id=\"e23ee4b\" data-element_type=\"widget\" data-widget_type=\"text-editor.default\">\n\t\t\t\t<div class=\"elementor-widget-container\">\n\t\t\t\t\t\t\t\t<div class=\"elementor-text-editor elementor-clearfix\">\n\t\t\t\t<h1>Impressum<\/h1><h2>Angaben\u00a0gem\u00e4\u00df\u00a0\u00a7\u00a05\u00a0TMG<\/h2><p>Rechtsanw\u00e4ltin<\/p><p>Karin\u00a0Ebeling<\/p><p>Dr.-Born-Stra\u00dfe\u00a011<\/p><p>34537\u00a0Bad\u00a0Wildungen<\/p><p>\u00a0<\/p><h2>Kontakt<\/h2><p>Telefon:\u00a0+49\u00a0(0)\u00a05621\u00a0752990<\/p><p>E-Mail:\u00a0buero@karin-ebeling.de<\/p><p>\u00a0<\/p><p>\u00a0<\/p><ul class=\"enumerationLevel1\" style=\"margin-right: 10px; margin-bottom: 0px; padding-left: 0px; list-style-type: none; list-style-position: initial; caret-color: #000000; color: #000000; font-size: 16.01599884033203px;\"><li style=\"margin-top: 10px; padding: 0px 0px 4px; font-family: Verdana, arial, verdana, sans-serif; font-size: 0.8em; font-weight: bold; text-align: left;\">zust\u00e4ndige Aufsichtsbeh\u00f6rden:<br \/><div class=\"supervisioninstitute\" style=\"margin: 0px; padding: 6px 0px;\"><div class=\"addressblock\" style=\"margin: 0px; padding: 0px;\"><p class=\"title\" style=\"margin-bottom: 0px; padding: 0px; font-family: Verdana, verdana, arial, sans-serif; font-size: 0.85em; font-weight: normal;\">\u00a0<\/p><p class=\"name\" style=\"margin-bottom: 0px; padding: 0px; font-family: Verdana, verdana, arial, sans-serif; font-size: 0.85em;\">Rechtsanwaltskammer Kassel<\/p><p class=\"addressline\" style=\"margin-bottom: 0px; padding: 0px; font-family: Verdana, verdana, arial, sans-serif; font-size: 0.85em; font-weight: normal;\">Karth\u00e4user Stra\u00dfe 5 a<\/p><p class=\"lastaddressline\" style=\"margin-bottom: 0px; padding: 0px; font-family: Verdana, verdana, arial, sans-serif; font-size: 0.85em; font-weight: normal;\">34117 Kassel<\/p><\/div><div class=\"contactblock\" style=\"margin: 0px; padding: 3px 0px 0px;\"><p class=\"callnumber\" style=\"margin-bottom: 0px; padding: 0px; font-family: Verdana, verdana, arial, sans-serif; font-size: 0.85em; font-weight: normal;\"><span style=\"margin: 0px; padding: 0px 3px 0px 0px; font-weight: bold;\">Tel.:<\/span>(0561)\u00a078\u00a080\u00a098\u00a00<\/p><p class=\"telefax\" style=\"margin-bottom: 0px; padding: 0px; font-family: Verdana, verdana, arial, sans-serif; font-size: 0.85em; font-weight: normal;\"><span style=\"margin: 0px; padding: 0px 3px 0px 0px; font-weight: bold;\">Fax:<\/span>(0561)\u00a078\u00a080\u00a098\u00a011<\/p><p class=\"email\" style=\"margin-bottom: 0px; padding: 0px; font-family: Verdana, verdana, arial, sans-serif; font-size: 0.85em; font-weight: normal;\"><span style=\"margin: 0px; padding: 0px 3px 0px 0px; font-weight: bold;\">E-Mail:<\/span>rak@rechtsanwaltskammer-kassel.de<\/p><p class=\"web\" style=\"margin-bottom: 0px; padding: 0px; font-family: Verdana, verdana, arial, sans-serif; font-size: 0.85em; font-weight: normal;\"><span style=\"margin: 0px; padding: 0px 3px 0px 0px; font-weight: bold;\">Internet:<\/span>www.rechtsanwaltskammer-kassel.de<\/p><\/div><\/div><div class=\"supervisioninstitute\" style=\"margin: 0px; padding: 6px 0px;\"><div class=\"addressblock\" style=\"margin: 0px; padding: 0px;\"><p class=\"name\" style=\"margin-bottom: 0px; padding: 0px; font-family: Verdana, verdana, arial, sans-serif; font-size: 0.85em;\">Landgericht Kassel<\/p><p class=\"addressline\" style=\"margin-bottom: 0px; padding: 0px; font-family: Verdana, verdana, arial, sans-serif; font-size: 0.85em; font-weight: normal;\">Frankfurter Stra\u00dfe 7<\/p><p class=\"lastaddressline\" style=\"margin-bottom: 0px; padding: 0px; font-family: Verdana, verdana, arial, sans-serif; font-size: 0.85em; font-weight: normal;\">34117 Kassel<\/p><\/div><div class=\"contactblock\" style=\"margin: 0px; padding: 3px 0px 0px;\"><p class=\"callnumber\" style=\"margin-bottom: 0px; padding: 0px; font-family: Verdana, verdana, arial, sans-serif; font-size: 0.85em; font-weight: normal;\"><span style=\"margin: 0px; padding: 0px 3px 0px 0px; font-weight: bold;\">Tel.:<\/span>(0561)\u00a0912-0,\u00a0<\/p><p class=\"telefax\" style=\"margin-bottom: 0px; padding: 0px; font-family: Verdana, verdana, arial, sans-serif; font-size: 0.85em; font-weight: normal;\"><span style=\"margin: 0px; padding: 0px 3px 0px 0px; font-weight: bold;\">Fax:<\/span>(0561)\u00a0912-1010<\/p><p class=\"email\" style=\"margin-bottom: 0px; padding: 0px; font-family: Verdana, verdana, arial, sans-serif; font-size: 0.85em; font-weight: normal;\"><span style=\"margin: 0px; padding: 0px 3px 0px 0px; font-weight: bold;\">E-Mail:<\/span>verwaltung@lg-kassel.justiz.hessen.de<\/p><p class=\"web\" style=\"margin-bottom: 0px; padding: 0px; font-family: Verdana, verdana, arial, sans-serif; font-size: 0.85em; font-weight: normal;\"><span style=\"margin: 0px; padding: 0px 3px 0px 0px; font-weight: bold;\">Internet:<\/span>www.lg-kassel.justiz.hessen.de<\/p><p>\u00a0<\/p><\/div><\/div><\/li><li style=\"margin-top: 10px; padding: 0px 0px 4px; font-family: Verdana, arial, verdana, sans-serif; font-size: 0.8em; font-weight: bold; text-align: left;\">berufsrechtliche Regelungen:<br \/><div class=\"introductionEnumerationLevel2\" style=\"margin: 0px; padding: 3px 0px 0px;\"><p style=\"margin-top: 5px; margin-bottom: 3px; padding: 0px; font-family: Verdana, verdana, arial, sans-serif; font-size: 0.85em; font-weight: normal;\">Die hier vorgestellte Person tr\u00e4gt die Berufsbezeichnung\u00a0<span style=\"margin: 0px; padding: 0px; font-weight: bold;\">&#8222;Rechtsanw\u00e4ltin&#8220;<\/span><\/p><p style=\"margin-top: 5px; margin-bottom: 3px; padding: 0px; font-family: Verdana, verdana, arial, sans-serif; font-size: 0.85em; font-weight: normal;\">Der Staat, in dem die Berufsbezeichnung verliehen worden ist, ist die\u00a0<span style=\"margin: 0px; padding: 0px; font-weight: bold;\">Bundesrepublik Deutschland<\/span>.<\/p><\/div><div class=\"introductionEnumerationLevel2\" style=\"margin: 0px; padding: 3px 0px 0px;\"><p style=\"margin-top: 5px; margin-bottom: 3px; padding: 0px; font-family: Verdana, verdana, arial, sans-serif; font-size: 0.85em; font-weight: normal;\">Es gelten folgende berufsrechtliche Regelungen:<\/p><\/div><ul class=\"enumerationLevel2\" style=\"margin-top: 0px; margin-bottom: 0px; margin-left: 25px; padding-left: 0px; list-style-position: outside;\"><li style=\"padding: 0px 0px 3px; font-size: 0.9em; text-align: left;\"><a accesskey=\"b\" class=\"externalLink\" style=\"color: #163665;\" title=\"Bundesrechtsanwaltsordnung (BRAO) [Alt + B]\" href=\"http:\/\/bundesrecht.juris.de\/bundesrecht\/brao\/index.html\" target=\"_blank\" rel=\"noopener\"><u style=\"margin: 0px; padding: 0px;\">B<\/u>undesrechtsanwaltsordnung (BRAO)<\/a><\/li><li style=\"padding: 0px 0px 3px; font-size: 0.9em; text-align: left;\"><a accesskey=\"u\" class=\"externalLink\" style=\"color: #163665;\" title=\"Berufsordnung der Rechtsanw\u00e4lte (BORA) [Alt + U]\" href=\"http:\/\/www.brak.de\/w\/files\/02_fuer_anwaelte\/berufsrecht\/bora-stand-01-01-17.pdf\" target=\"_blank\" rel=\"noopener\">Ber<u style=\"margin: 0px; padding: 0px;\">u<\/u>fsordnung der Rechtsanw\u00e4lte (BORA)<\/a><\/li><li style=\"padding: 0px 0px 3px; font-size: 0.9em; text-align: left;\"><a accesskey=\"n\" class=\"externalLink\" style=\"color: #163665;\" title=\"Bundesrechtsanwaltsgeb\u00fchrenordnung (BRAGO) [Alt + N]\" href=\"http:\/\/www.gesetze-im-internet.de\/bundesrecht\/bragebo\/gesamt.pdf\" target=\"_blank\" rel=\"noopener\">Bu<u style=\"margin: 0px; padding: 0px;\">n<\/u>desrechtsanwaltsgeb\u00fchrenordnung (BRAGO)<\/a><\/li><li style=\"padding: 0px 0px 3px; font-size: 0.9em; text-align: left;\"><a accesskey=\"t\" class=\"externalLink\" style=\"color: #163665;\" title=\"Rechtsanwaltsverg\u00fctungsgesetz (RVG) [Alt + T]\" href=\"http:\/\/www.gesetze-im-internet.de\/rvg\/index.html\" target=\"_blank\" rel=\"noopener\">Rech<u style=\"margin: 0px; padding: 0px;\">t<\/u>sanwaltsverg\u00fctungsgesetz (RVG)<\/a><\/li><li style=\"padding: 0px 0px 3px; font-size: 0.9em; text-align: left;\"><a accesskey=\"f\" class=\"externalLink\" style=\"color: #163665;\" title=\"Fachanwaltsordnung (FAO) [Alt + F]\" href=\"http:\/\/www.brak.de\/w\/files\/02_fuer_anwaelte\/berufsrecht\/fao-stand-01-07-2017.pdf\" target=\"_blank\" rel=\"noopener\"><u style=\"margin: 0px; padding: 0px;\">F<\/u>achanwaltsordnung (FAO)<\/a><\/li><li style=\"padding: 0px 0px 3px; font-size: 0.9em; text-align: left;\"><a accesskey=\"g\" class=\"externalLink\" style=\"color: #163665;\" title=\"Berufsregeln der Rechtsanw\u00e4lte der Europ\u00e4ischen Union (CCBE) [Alt + G]\" href=\"http:\/\/www.ccbe.eu\/index.php?id=32&amp;L=3\" target=\"_blank\" rel=\"noopener\">Berufsre<u style=\"margin: 0px; padding: 0px;\">g<\/u>eln der Rechtsanw\u00e4lte der Europ\u00e4ischen Union (CCBE)<\/a><\/li><li style=\"padding: 0px 0px 3px; font-size: 0.9em; text-align: left;\"><a accesskey=\"l\" class=\"externalLink\" style=\"color: #163665;\" title=\"Geldw\u00e4schebek\u00e4mpfungsgesetz (GwG) [Alt + L]\" href=\"http:\/\/www.gesetze-im-internet.de\/gwg_2017\/\" target=\"_blank\" rel=\"noopener\">Ge<u style=\"margin: 0px; padding: 0px;\">l<\/u>dw\u00e4schebek\u00e4mpfungsgesetz (GwG)<\/a><\/li><li style=\"padding: 0px 0px 3px; font-size: 0.9em; text-align: left;\"><a accesskey=\"z\" class=\"externalLink\" style=\"color: #163665;\" title=\"Gesetz \u00fcber die T\u00e4tigkeit europ\u00e4ischer\u00a0... [Alt + Z]\" href=\"http:\/\/www.gesetze-im-internet.de\/eurag\/index.html\" target=\"_blank\" rel=\"noopener\">Geset<u style=\"margin: 0px; padding: 0px;\">z<\/u>\u00a0\u00fcber die T\u00e4tigkeit europ\u00e4ischer Rechtsanw\u00e4lte in Deutschland (EuRAG)<\/a><\/li><li style=\"padding: 0px 0px 3px; font-size: 0.9em; text-align: left;\"><a accesskey=\"p\" class=\"externalLink\" style=\"color: #163665;\" title=\"Charta der Europ\u00e4ischen Berufsverb\u00e4nde zur\u00a0... [Alt + P]\" href=\"http:\/\/www.bnotk.de\/Notar\/Berufsrecht\/EuroCharta.php\" target=\"_blank\" rel=\"noopener\">Charta der Euro<u style=\"margin: 0px; padding: 0px;\">p<\/u>\u00e4ischen Berufsverb\u00e4nde zur Unterst\u00fctzung der Bek\u00e4mpfung der organisierten Kriminalit\u00e4t<\/a><\/li><\/ul><p class=\"textlineSmall\" style=\"margin-bottom: 0px; padding: 3px 0px 0px; font-family: Verdana, verdana, arial, sans-serif; font-weight: normal; font-size: 0.85em;\">Die Regelungen k\u00f6nnen direkt \u00fcber die Verlinkungen bzw. bei der Bundesrechtsanwaltskammer unter\u00a0<b style=\"margin: 0px; padding: 0px;\"><a class=\"externalLink\" style=\"color: #163665;\" title=\"www.brak.de\" href=\"http:\/\/www.brak.de\/seiten\/06.php#tdg\" target=\"_blank\" rel=\"noopener\">www.brak.de<\/a><\/b>\u00a0abgerufen werden.<\/p><\/li><li style=\"margin-top: 10px; padding: 0px 0px 4px; font-family: Verdana, arial, verdana, sans-serif; font-size: 0.8em; font-weight: bold; text-align: left;\">Haftungsausschluss:<br \/><p class=\"textlineSmall\" style=\"margin-bottom: 0px; padding: 3px 0px 0px; font-family: Verdana, verdana, arial, sans-serif; font-weight: normal; font-size: 0.85em;\">Der Inhalt dieses Webauftritts wurde nach bestem Wissen und mit gr\u00f6\u00dfter Sorgfalt erstellt. Trotzdessen kann keine Gew\u00e4hr oder Haftung f\u00fcr insbesondere Korrektheit, Aktualit\u00e4t, Vollst\u00e4ndigkeit oder Qualit\u00e4t der Informationen \u00fcbernommen werden.<\/p><p class=\"textlineSmall\" style=\"margin-bottom: 0px; padding: 3px 0px 0px; font-family: Verdana, verdana, arial, sans-serif; font-weight: normal; font-size: 0.85em;\">Bitte beachten Sie ferner, dass die angebotenen Hyperlinks in der Regel aus unserem Angebot herausf\u00fchren. Daher k\u00f6nnen wir trotz sorgf\u00e4ltiger Pr\u00fcfung keine Haftung f\u00fcr die verlinkten Inhalte \u00fcbernehmen. F\u00fcr den Inhalt der verlinkten Seiten sind ausschlie\u00dflich deren Betreiber verantwortlich.<\/p><\/li><li style=\"margin-top: 10px; padding: 0px 0px 4px; font-family: Verdana, arial, verdana, sans-serif; font-size: 0.8em; font-weight: bold; text-align: left;\">Hinweise zum Datenschutz:<br \/><p class=\"textlineSmall\" style=\"margin-bottom: 0px; padding: 3px 0px 0px; font-family: Verdana, verdana, arial, sans-serif; font-weight: normal; font-size: 0.85em;\">Falls Sie uns Ihre pers\u00f6nlichen Daten (z.B. \u00fcber ein Formular oder eine E-Mail) \u00fcbermitteln, werden diese ausschlie\u00dflich f\u00fcr die direkte Kommunikation mit Ihnen verwendet.<\/p><p class=\"textlineSmall\" style=\"margin-bottom: 0px; padding: 3px 0px 0px; font-family: Verdana, verdana, arial, sans-serif; font-weight: normal; font-size: 0.85em;\">Eine Weitergabe dieser Daten an Dritte erfolgt\u00a0<u style=\"margin: 0px; padding: 0px;\">keinesfalls<\/u>.<\/p><p class=\"textlineSmall\" style=\"margin-bottom: 0px; padding: 3px 0px 0px; font-family: Verdana, verdana, arial, sans-serif; font-weight: normal; font-size: 0.85em;\">Sie haben jederzeit ein Recht auf die L\u00f6schung Ihrer pers\u00f6nlichen Daten, soweit nicht eine gesetzliche Aufbewahrungspflicht besteht. Falls Sie die L\u00f6schung Ihrer Daten w\u00fcnschen, teilen Sie uns dies bitte formlos (z.B. per E-Mail) mit.<\/p><\/li><li style=\"margin-top: 10px; padding: 0px 0px 4px; font-family: Verdana, arial, verdana, sans-serif; font-size: 0.8em; font-weight: bold; text-align: left;\">rechtliche Hinweise:<br \/><p class=\"textlineSmall\" style=\"margin-bottom: 0px; padding: 3px 0px 0px; font-family: Verdana, verdana, arial, sans-serif; font-weight: normal; font-size: 0.85em;\">Inhalt und Struktur dieses Webauftritts sind urheberrechtlich gesch\u00fctzt. Die Vervielf\u00e4ltigung und\/oder gewerbliche Nutzung der bereitgehaltenen Inhalte, insbesondere der Verwendung von Texten, Bildern oder Teile dieser, bedarf der vorherigen, schriftlichen Zustimmung des Rechteinhabers.<\/p><\/li><li style=\"margin-top: 10px; padding: 0px 0px 4px; font-family: Verdana, arial, verdana, sans-serif; font-size: 0.8em; font-weight: bold; text-align: left;\">\u00a0<\/li><\/ul><p class=\"clicheRelatingLaw\" style=\"margin-bottom: 0px; padding: 15px 0px 25px; font-family: Verdana, verdana, arial, sans-serif; font-size: 0.6em; color: #000000;\">Diese Seite stellt alle Informationen bereit, die der Gesetzgeber im\u00a0<span style=\"margin: 0px; padding: 0px;\">Telemediengesetz (TMG)<\/span>\u00a0verlangt.<\/p><p>\u00a0<\/p>\t\t\t\t\t<\/div>\n\t\t\t\t\t\t<\/div>\n\t\t\t\t<\/div>\n\t\t\t\t\t\t<\/div>\n\t\t\t\t\t<\/div>\n\t\t<\/div>\n\t\t\t\t\t\t\t\t<\/div>\n\t\t\t\t\t<\/div>\n\t\t<\/section>\n\t\t\t\t\t\t\t\t\t<\/div>\n\t\t\t<\/div>\n\t\t\t\t\t<\/div>\n\t\t","protected":false},"excerpt":{"rendered":"<p>Impressum Angaben\u00a0gem\u00e4\u00df\u00a0\u00a7\u00a05\u00a0TMG Rechtsanw\u00e4ltin Karin\u00a0Ebeling Dr.-Born-Stra\u00dfe\u00a011 34537\u00a0Bad\u00a0Wildungen \u00a0 Kontakt Telefon:\u00a0+49\u00a0(0)\u00a05621\u00a0752990 E-Mail:\u00a0buero@karin-ebeling.de \u00a0 \u00a0 zust\u00e4ndige Aufsichtsbeh\u00f6rden: \u00a0 Rechtsanwaltskammer Kassel Karth\u00e4user Stra\u00dfe 5 a 34117 Kassel Tel.:(0561)\u00a078\u00a080\u00a098\u00a00 Fax:(0561)\u00a078\u00a080\u00a098\u00a011 E-Mail:rak@rechtsanwaltskammer-kassel.de Internet:www.rechtsanwaltskammer-kassel.de Landgericht Kassel Frankfurter Stra\u00dfe 7 34117 Kassel Tel.:(0561)\u00a0912-0,\u00a0 Fax:(0561)\u00a0912-1010 E-Mail:verwaltung@lg-kassel.justiz.hessen.de Internet:www.lg-kassel.justiz.hessen.de \u00a0 berufsrechtliche Regelungen: Die hier vorgestellte Person tr\u00e4gt die Berufsbezeichnung\u00a0&#8222;Rechtsanw\u00e4ltin&#8220; Der Staat, in dem die Berufsbezeichnung verliehen [&hellip;]<\/p>\n","protected":false},"author":1,"featured_media":0,"parent":0,"menu_order":0,"comment_status":"closed","ping_status":"closed","template":"","meta":{"om_disable_all_campaigns":false,"_monsterinsights_skip_tracking":false,"_monsterinsights_sitenote_active":false,"_monsterinsights_sitenote_note":"","_monsterinsights_sitenote_category":0},"aioseo_notices":[],"_links":{"self":[{"href":"https:\/\/ebeling-karin.de\/index.php?rest_route=\/wp\/v2\/pages\/268"}],"collection":[{"href":"https:\/\/ebeling-karin.de\/index.php?rest_route=\/wp\/v2\/pages"}],"about":[{"href":"https:\/\/ebeling-karin.de\/index.php?rest_route=\/wp\/v2\/types\/page"}],"author":[{"embeddable":true,"href":"https:\/\/ebeling-karin.de\/index.php?rest_route=\/wp\/v2\/users\/1"}],"replies":[{"embeddable":true,"href":"https:\/\/ebeling-karin.de\/index.php?rest_route=%2Fwp%2Fv2%2Fcomments&post=268"}],"version-history":[{"count":18,"href":"https:\/\/ebeling-karin.de\/index.php?rest_route=\/wp\/v2\/pages\/268\/revisions"}],"predecessor-version":[{"id":373,"href":"https:\/\/ebeling-karin.de\/index.php?rest_route=\/wp\/v2\/pages\/268\/revisions\/373"}],"wp:attachment":[{"href":"https:\/\/ebeling-karin.de\/index.php?rest_route=%2Fwp%2Fv2%2Fmedia&parent=268"}],"curies":[{"name":"wp","href":"https:\/\/api.w.org\/{rel}","templated":true}]}}